 composite?
False
Is 197046149 prime?
True
Is 609673 composite?
False
Is 13024982 a composite number?
True
Is 148892497 prime?
False
Is 67593 composite?
True
Is 41509487 a prime number?
False
Is 50092841 prime?
True
Is 1828922 composite?
True
Is 103816231 a composite number?
True
Is 23295289 prime?
False
Is 964151 a prime number?
True
Is 1270483 a prime number?
True
Is 1208057 prime?
True
Is 1962347 a composite number?
False
Is 486199699 prime?
True
Is 2043201 composite?
True
Is 5874563 a composite number?
False
Is 1385869 composite?
False
Is 16349 prime?
True
Is 6910067 a composite number?
True
Is 23365313 prime?
True
Is 7495679 a prime number?
True
Is 1671973 a prime number?
False
Is 37194679 prime?
False
Is 2743993 a prime number?
False
Is 102818563 composite?
True
Is 34171931 a composite number?
False
Is 5445403 a prime number?
True
Is 16623683 a prime number?
True
Is 1292309 a prime number?
True
Is 4218385 composite?
True
Is 1088027 a prime number?
True
Is 346447307 composite?
False
Is 6727417 composite?
False
Is 13708499 a composite number?
True
Is 16002023 a prime number?
False
Is 21854267 a composite number?
True
Is 4103137 prime?
False
Is 12570619 prime?
True
Is 6038666 composite?
True
Is 34322801 a composite number?
True
Is 20318651 a composite number?
False
Is 120628979 prime?
False
Is 22464437 prime?
False
Is 36735443 prime?
True
Is 3215071 prime?
True
Is 79810531 composite?
False
Is 1860163 a composite number?
False
Is 153355 a composite number?
True
Is 74794763 a prime number?
True
Is 50347189 a prime number?
True
Is 19804661 a prime number?
True
Is 60787 a composite number?
True
Is 134869 a composite number?
True
Is 24413209 a composite number?
False
Is 1861 prime?
True
Is 4761301 composite?
False
Is 34120843 composite?
True
Is 109598066 composite?
True
Is 20612005 prime?
False
Is 198993967 a composite number?
False
Is 32154713 a composite number?
True
Is 435881827 prime?
False
Is 1782439 composite?
True
Is 44322143 a composite number?
False
Is 7200653 a composite number?
True
Is 52275649 composite?
True
Is 20763401 composite?
True
Is 351402574 a composite number?
True
Is 7720481 a composite number?
False
Is 1948822 a composite number?
True
Is 18910517 a composite number?
True
Is 162091807 prime?
True
Is 5353109 prime?
True
Is 409097111 prime?
False
Is 21366413 a composite number?
True
Is 2209897 prime?
False
Is 61820977 composite?
False
Is 4565885 a composite number?
True
Is 158551 composite?
False
Is 3672443 a prime number?
False
Is 163806337 prime?
False
Is 28264231 a prime number?
False
Is 459509 a composite number?
False
Is 21198941 a composite number?
True
Is 61304077 prime?
True
Is 1694740163 a prime number?
False
Is 17402977 prime?
True
Is 2361047 a prime number?
False
Is 22145179 a composite number?
True
Is 3601039 prime?
False
Is 3662447 composite?
True
Is 2051801 composite?
False
Is 26006749 prime?
False
Is 102307 prime?
False
Is 12748787 a composite number?
False
Is 498642883 a composite number?
False
Is 135115055 composite?
True
Is 116965999 prime?
False
Is 107067817 prime?
False
Is 5460261 composite?
True
Is 12809099 prime?
False
Is 10965547 a prime number?
False
Is 6008879 a prime number?
False
Is 988759 composite?
False
Is 53650741 a composite number?
False
Is 1084499 a composite number?
True
Is 576980441 a prime number?
True
Is 3485513 a composite number?
False
Is 14675231 a composite number?
True
Is 11323243 composite?
False
Is 76448585 a composite number?
True
Is 1155259 prime?
False
Is 6162743 composite?
False
Is 16935283 a composite number?
True
Is 799921 prime?
True
Is 781331 a prime number?
False
Is 256733 composite?
True
Is 3250063 a prime number?
True
Is 152311 a prime number?
True
Is 133042247 a composite number?
True
Is 1429297 prime?
False
Is 377759747 composite?
True
Is 82939271 a composite number?
True
Is 2686259 a prime number?
True
Is 67480009 a prime number?
True
Is 7128937 a composite number?
True
Is 3789323 prime?
True
Is 15206309 composite?
True
Is 201180197 a prime number?
True
Is 156761537 prime?
False
Is 52065119 a prime number?
True
Is 103955647 prime?
True
Is 13152493 prime?
True
Is 40624999 composite?
True
Is 78297 composite?
True
Is 97268911 a prime number?
True
Is 280782403 composite?
True
Is 41179399 a prime number?
False
Is 2205895 prime?
False
Is 306841537 composite?
False
Is 49597 a prime number?
True
Is 415095535 a composite number?
True
Is 1339027 a composite number?
False
Is 46318963 composite?
False
Is 304718195 a prime number?
False
Is 69214291 prime?
False
Is 16163269 composite?
True
Is 33104567 composite?
True
Is 72961969 a composite number?
False
Is 226349743 a composite number?
False
Is 9374101 a prime number?
False
Is 3742879 composite?
True
Is 20654015 prime?
False
Is 101644459 a prime number?
False
Is 1388557 a prime number?
False
Is 5578921 prime?
True
Is 14972027 a prime number?
False
Is 4737569 a prime number?
True
Is 381379121 a composite number?
True
Is 2721163 prime?
True
Is 8803897 a composite number?
True
Is 871337 composite?
False
Is 2530855 a prime number?
False
Is 23135503 composite?
True
Is 33965671 composite?
True
Is 668379493 a prime number?
True
Is 74052233 a composite number?
False
Is 89537429 composite?
True
Is 51651017 a prime number?
False
Is 2260893 a prime number?
False
Is 2043155 a composite number?
True
Is 82955599 prime?
True
Is 7162726 a composite number?
True
Is 46391789 composite?
False
Is 1145029291 prime?
False
Is 102937217 a composite number?
True
Is 77411683 a composite number?
True
Is 360251 prime?
False
Is 424566781 a prime number?
True
Is 3374017 composite?
False
Is 15480481 composite?
True
Is 1233097 composite?
False
Is 422209 a prime number?
True
Is 12179451 composite?
True
Is 80615203 a composite number?
False
Is 5693263 a composite number?
False
Is 111125111 a prime number?
False
Is 10185803 composite?
True
Is 510529 a composite number?
False
Is 65426173 a prime number?
True
Is 188530913 a prime number?
False
Is 54219727 prime?
True
Is 359367439 a prime number?
True
Is 102341185 a prime number?
False
Is 9820439 composite?
True
Is 8827843 prime?
True
Is 3330641 prime?
True
Is 15600419 composite?
False
Is 4166809 prime?
True
Is 4032341 composite?
False
Is 74952635 a composite number?
True
Is 146443489 a prime number?
True
Is 34484798 composite?
True
Is 703959 a composite number?
True
Is 662911 prime?
False
Is 40644043 prime?
False
Is 270466849 composite?
True
Is 22110883 a prime number?
True
Is 1867259 prime?
True
Is 543827 prime?
True
Is 25838803 prime?
False
Is 156275417 composite?
False
Is 1471309 a prime number?
False
Is 29650111 prime?
True
Is 9766303 composite?
False
Is 9734414 prime?
False
Is 42281 prime?
True
Is 11020039 a composite number?
False
Is 611437 a composite number?
True
Is 2103329 a composite number?
True
Is 161405737 composite?
False
Is 3911746 prime?
False
Is 1196809 a prime number?
True
Is 4866119 a composite number?
True
Is 6397591 composite?
False
Is 42241151 a prime number?
True
Is 59382751 a prime number?
False
Is 8038379 a prime number?
True
Is 9112171 a prime number?
False
Is 4176589 composite?
True
Is 2399833 a composite number?
True
Is 6453383 composite?
True
Is 3124694 prime?
False
Is 5451029 composite?
False
Is 6857849 prime?
True
Is 1784989 composite?
False
Is 30716905 prime?
False
Is 124648597 composite?
True
Is 39157217 a prime number?
False
Is 19201773 prime?
False
Is 633581359 a composite number?
False
Is 20527799 a composite number?
True
Is 27224959 a composite number?
False
Is 6193531 a composite number?
True
Is 33147463 a composite number?
True
Is 38593 prime?
True
Is 3137077 a prime number?
False
Is 27278333 a composite number?
True
Is 4348723 a prime number?
False
Is 38234629 prime?
True
Is 3445853 prime?
True
Is 169894399 prime?
False
Is 5963861 a composite number?
True
Is 9480833 a prime number?
False
Is 20474869 a prime number?
True
Is 15661783 composite?
False
Is 256368842 prime?
False
Is 5306557 prime?
False
Is 46347339 prime?
False
Is 6408526 a composite number?
True
Is 2823481 composite?
True
Is 5665783 prime?
True
Is 2550407 composite?
False
Is 68564233 a composite number?
False
Is 8470603 prime?
False
Is 615019 composite?
False
Is 1779353 prime?
False
Is 16768243 a prime number?
